*p**2 + 23*p - 38. Let t be h(21). Suppose -5*z - 6*w + 7*w = -1425, -t*w = z - 285. What are the prime factors of z?
3, 5, 19
What are the prime factors of 19 - ((-1848784)/(-17))/(-14)?
13, 599
Suppose 2*k - 20 = -5*d, k + 0*k - 7 = -d. Let r be k/(5*3/6). Suppose -r = -4*w + 138. List the prime factors of w.
5, 7
Let o(q) = -5*q + 17. Let l be o(4). Let f be -2*(l + 127/(-1)). Suppose -n = n - f. What are the prime factors of n?
2, 5, 13
Suppose 0 = 193*f - 181*f - 1092. What are the prime factors of f?
7, 13
Let m(v) = 21*v**2 + 12*v - 141. List the prime factors of m(-21).
2, 3, 739
Let s = 54078 + -18389. What are the prime factors of s?
89, 401
Let f = 1328 - 589. Let o = f - 469. What are the prime factors of o?
2, 3, 5
Suppose -5*m = -5*g + 20, 0*g = -4*g - 3*m + 9. Let u(s) = -s**3 + 2*s**2 + 3*s + 2. Let j be u(-2). List the prime factors of (((-51)/(-2))/1)/(g/j).
2, 3, 17
Suppose -12922*u + 12914*u + 314480 = 0. What are the prime factors of u?
2, 5, 3931
Suppose 44324 = x + 3*z, 8*x - 487142 = 4*z - 132802. List the prime factors of x.
11, 4027
Suppose -2*l - 4370 = -s, 99*l = -4*s + 103*l + 17464. List the prime factors of s.
2, 3, 727
Suppose -69324 = -9*b - 3*b. What are the prime factors of b?
53, 109
Let w(a) = 78*a + 160. Let j(k) = k**3 - 29*k**2 + 29*k - 18. Let f be j(28). What are the prime factors of w(f)?
2, 5, 47
Let r(o) = o**3 + 3*o**2 + 7*o - 26. Let l(h) = h**2 + 1. Let u(s) = 4*l(s) + r(s). Let q be u(-8). Let d = q - -210. List the prime factors of d.
2, 17
Suppose 7*u - 28205 = 9056. List the prime factors of u.
5323
Let u(w) = -1111*w**3 + 2*w**2 - 9*w - 10. Let r be u(-1). Let i = -348 + r. What are the prime factors of i?
2, 191
Let s be (-994)/4*(-3 + -2 + 3). What are the prime factors of (s/(-21))/(2*(-1)/36)?
2, 3, 71
Let o = 220 - 214. Let i(h) = -3*h**2 + 16*h - 8. Let w be i(6). What are the prime factors of (w/o)/(9/(-135))?
2, 5
What are the prime factors of 12948 - (-368)/((-115)/5)?
2, 53, 61
Suppose 4*o + 3*i + 0*i + 377 = 0, 2*o - 4*i + 172 = 0. Let g be o/(-8) - (-2)/4. Let t(d) = 6*d + 38. List the prime factors of t(g).
2, 5, 11
Suppose 20*w - 31*w + 5577 = 0. What are the prime factors of w?
3, 13
Let r = 158 + -227. Let c = 3 - r. Suppose -2*s - 4*b + c = -178, 5*s - b = 669. List the prime factors of s.
7, 19
Let f(q) be the first derivative of 16*q**4 + q**3/3 - 6. Let x be f(1). Let i = 144 - x. List the prime factors of i.
79
Let s(z) = 43*z + 52. Let x be s(-4). List the prime factors of (x/18)/(-3*6/243).
2, 3, 5
What are the prime factors of ((-44894)/(-20))/((-195)/50 - -4)?
22447
Let w be (-24 + -22)*(1 + (-22)/4). Let q = 493 - w. What are the prime factors of q?
2, 11, 13
Suppose -p + 9*g + 12668 = 14*g, -4*p + 3*g + 50488 = 0. What are the prime factors of p?
2, 7, 11, 41
Let y = -4 - 63. Let n = y - -68. Let k = 38 - n. List the prime factors of k.
37
Let x(u) = -2*u**2 + 118*u - 61. Let l be x(58). Suppose 5*b - 2*d + 46 + 61 = 0, -72 = 4*b - 5*d. Let y = b + l. List the prime factors of y.
2
Let b be (-66)/12 - -7 - (-5127)/6. Suppose b*p = 850*p + 1188. What are the prime factors of p?
2, 3, 11
List the prime factors of (((-6)/5)/((-596)/1134635))/(6/56).
2, 7, 1523
Suppose 144*t - 45410 = 142*t. List the prime factors of t.
5, 19, 239
Let o be -10*1/((-25)/(-20)). Let c be o/(2 + 2) - -1. List the prime factors of (7 + c)/((-22)/(-121)).
3, 11
Let w(x) = -2*x**2 - 8*x + 24. Let r be w(-12). Let y = -264 - r. Let d = 128 + y. List the prime factors of d.
2
Suppose -3*n + 51 = 18. Suppose n*c + 2131 = 20479. What are the prime factors of c?
2, 3, 139
Let z be (-5)/100*-604 + (-2)/10. Let b = 33 - z. Suppose b*d - 4 = 8. What are the prime factors of d?
2
Suppose -14249*s = -14226*s - 976028. List the prime factors of s.
2, 103
Let p(f) be the third derivative of f**6/120 + f**5/4 + 5*f**4/24 + 2*f**3 - 109*f**2. What are the prime factors of p(-11)?
3, 7
Suppose 169*r - 736226 = 1387597. List the prime factors of r.
3, 59, 71
Suppose -2*u + 15782 = 2*b - 7*b, -5*b - 30 = 0. List the prime factors of u.
2, 11, 179
Suppose 0 = 3*j + 5*a + 74, 6*j - 4*j - a = -71. List the prime factors of (j*1/4)/((-20)/2400).
2, 3, 5, 11
Suppose 11282656 = 107*t + 197*t. List the prime factors of t.
2, 7, 11, 241
Suppose 231*o - 1037943 = 42*o + 271449. What are the prime factors of o?
2, 433
Suppose -d - 5 = 0, 14*r - 13*r - 10 = d. Suppose -7*g = -r*g - 626. What are the prime factors of g?
313
Suppose -p = -6, 0 = 589*g - 594*g - 4*p + 32514. List the prime factors of g.
2, 3, 19
Suppose -14008 = -32*f - 56504. List the prime factors of f/(-8) - ((-1 - 3) + 3).
167
Let i(g) = 2*g - 15. Let b be i(8). Suppose z + r + b = 0, -3*r + 0*r - 5 = z. List the prime factors of (z - (1 + -4))*10.
2, 5
Let f be 105/140*(-32)/(-6). Suppose 0 = -5*q + 3*k + 2769, 0 = -k + f*k - 6. List the prime factors of q.
3, 5, 37
Let h(s) = 10*s**2 + 266*s + 116. What are the prime factors of h(-41)?
2, 5, 7, 43
List the prime factors of -5 + 3386 - -11 - -12.
2, 23, 37
What are the prime factors of (-177640)/(-14)*784/224?
2, 5, 4441
Let r(g) = g**3 + 22*g**2 + 12*g. Let p be r(-22). Let j = -133 - p. What are the prime factors of j?
131
Let a(r) = -r**3 - 13*r**2 - 24*r + 7. Let x be a(-11). Suppose -5*c + x = -31. Suppose -9*o - 423 = -c*o. List the prime factors of o.
3, 47
Let w(b) = 12*b**3 - 104*b**2 + 779*b + 17. List the prime factors of w(8).
5737
Let d = 16671 - 2829. List the prime factors of d.
2, 3, 769
Let l(t) = 22*t**2 - 9*t + 1. Let m be l(8). Suppose 1913 = 13*q - m. List the prime factors of q.
2, 5
Let i be 144/56*(0 + -21)*-4. Suppose 0*d = -2*d + i. What are the prime factors of d?
2, 3
List the prime factors of (1633/(-1))/(6 + ((-324)/32 - -4)).
2, 23, 71
Let m be (4/(-12) - 21/(-9))*4. Let i(v) = 3*v**2 + 5 + 0*v**2 - 7*v - 3*v + 0*v. What are the prime factors of i(m)?
3, 13
Suppose 2*k - 2*o = 10194, -25*k + 20*k + 4*o = -25490. List the prime factors of k.
2, 2551
Suppose 2*a + 2377 = 12191. Suppose -a = -5*q + 10303. Suppose 15*n + 117 = q. What are the prime factors of n?
3, 5, 13
Let p be 2 - -3915 - 6/(-2). Suppose o + 4*l = 999, 4*o - 4*l + l - p = 0. What are the prime factors of o?
983
Let s be (-3)/(-3) + -5 + 59. Suppose 142 = 4*x - 2*g - 196, 0 = -x + 5*g + 71. Let t = x - s. What are the prime factors of t?
31
Let h = 22985 - 16984. What are the prime factors of h?
17, 353
Suppose 2*x + 2*r = -16, 4*x - 2*r + 3*r + 26 = 0. Let m be -22*((-32)/18 - x/(-27)). Let c = -23 + m. What are the prime factors of c?
3, 7
Suppose -2*l + x + 39 = 3*l, 4*x = 4. What are the prime factors of (((-60)/l)/(-15))/(2/1028)?
257
Let p = -411 + 219. Let x = 553 + p. What are the prime factors of x?
19
Let d(p) = p**3 + 56*p**2 + 17*p - 132. What are the prime factors of d(-40)?
2, 6197
Let j = -492 + 211. Let g = j - -697. What are the prime factors of g?
2, 13
Let g(o) = -o**2 - 50*o - 64. Let q be g(-28). Let f = q + 4. List the prime factors of f.
2, 139
Let b(q) = 1242*q + 2291. What are the prime factors of b(14)?
11, 1789
Let p(c) = 552*c + 26 + 474*c + 8 - 259*c. List the prime factors of p(2).
2, 7
Suppose -2*d - 8*d + 1190 = 0. Let y = d + 214. What are the prime factors of y?
3, 37
Let k = 109552 - 34627. List the prime factors of k.
3, 5, 37
Let z(f) be the first derivative of -2*f**2 + 144*f - 6. Suppose 4*q = -3*a - 12, -9 = 5*q + 6. List the prime factors of z(a).
2, 3
Suppose 5*s = -k + 115371, 69213 = 3*s - 66*k + 69*k. What are the prime factors of s?
5, 13, 71
Let h(f) = 538*f - 99. What are the prime factors of h(5)?
2591
Let k = 76 + -146. Let d = 95 + k. Let m = 14 + d. List the prime factors of m.
3, 13
Suppose 0 = 2*p - 5*l + 90, 4*p + 5*l = -31 - 89. What are the prime factors of (2 - 0)*(p + 553)?
2, 7, 37
Let j(f) = -9*f + 42. Let a(t) = t**2 + 3*t + 3. Let l be a(-2). Let r be (-24)/2 - (l + 0). What are the prime factors of j(r)?
3, 53
Let i(p) = 5*p**2 + 121*p + 181. List the prime factors of i(-55).
41, 211
Let l(a) = 6*a + 6 + 2 + 7 - a. Let s be l(-3). Suppose s = -12*y + 15*y - 66. What are the prime factors of y?
2, 11
Suppose -f = -4*h + 27, 20*f - 16*f = -12. Suppose -h*g + 4539 = -3981. What are the prime factors of g?
2, 5, 71
Let r be (17 - 2)/3*-1. Le